 7*b - 6. Let n be r(-8). Suppose n*p + p - 5*o = a, -4*p = 2*o - 48. What is the tens digit of p?
1
Suppose -i = 4*i - 25. Suppose -v - v = j - i, -v + 25 = 3*j. What is the units digit of j?
9
Let o(d) be the first derivative of -3/2*d**2 - 2*d + 1. What is the units digit of o(-6)?
6
Let h = 18 - 9. Suppose 20 = h*b - 4*b. What is the units digit of b?
4
Suppose -4*v + 5*v - 5 = 0. Suppose -4*y = -j + 3 - 20, -2*j = -v*y + 25. What is the units digit of y?
3
Let o(m) be the second derivative of -m**3/3 + m**2/2 - 3*m. What is the units digit of o(-4)?
9
Suppose 2*w - 4*k - 70 = 0, -13 - 52 = -2*w + 3*k. What is the tens digit of w?
2
Suppose 3*c = 2*c + 86. Suppose 24 = -3*q + 5*y + c, -2*y + 100 = 4*q. What is the tens digit of q?
2
Suppose -24 = -2*m + 5*m. Let t(k) = -k - 4. Let d be t(m). Suppose -4*l + 2*l + d = 0. What is the units digit of l?
2
Suppose d + 4 = 89. What is the tens digit of d?
8
Suppose -20*a - 748 = -22*a. What is the tens digit of a?
7
Suppose 2391 = -25*b + 12266. What is the tens digit of b?
9
Let g = -6 + 11. Suppose g*y = 5*m + 1 - 6, y + 13 = 4*m. What is the units digit of y?
3
Let q(p) = 9*p - 1. Let u be q(-1). Let t(g) = -2*g - 3. What is the units digit of t(u)?
7
Let d = 6 + -3. Let b be d/(-2) + 105/6. What is the tens digit of b/((-4)/(-2)) - -3?
1
Let w(g) = -g**3 + 9*g**2 - 6*g - 9. Suppose -4*x - 3*b - 55 = 0, -b + 67 = -5*x - 3*b. Let h be (-3)/(x/(-8) + -2). What is the units digit of w(h)?
7
Let b(q) = -9*q - 8. Let x be b(6). What is the units digit of x/(-8) - (-8)/32?
8
Let u = 36 - -55. Suppose -3*k + 16 = g - 19, 2*k - u = -3*g. What is the units digit of g?
9
Let t = -102 - -192. What is the units digit of t?
0
Let s(h) = h**3 + 2*h**2 - 3*h + 4. Let o be s(-3). Suppose -5*q + q + o = 0. What is the units digit of q/2*2*2?
2
Let p be (-2)/(-8) + (-2)/8. Let f be p/1 - (-15 + 2). Let z = -8 + f. What is the units digit of z?
5
Suppose 0 = 4*p - 0*p + 24. Let r(l) be the second derivative of -l**3/3 - 2*l**2 - 8*l. What is the units digit of r(p)?
8
Let u(j) = j + 7. Let g be u(-5). Let c be 15/10 + 5/g. Suppose 2*n = -c + 34. What is the tens digit of n?
1
Let j(g) = g**3 + 17*g**2 + 13*g - 1. What is the units digit of j(-15)?
4
Suppose -d - 2 = -15. Suppose 4*s = -5*m + 12, -2*m + 12 = 4*s - m. Let l = s + d. What is the tens digit of l?
1
Suppose 3*z = 0, 4*q = q + 5*z + 42. What is the tens digit of q?
1
Let h = -4 + 57. What is the units digit of h?
3
Let q(o) = -o**2 - 8 - o**3 - 2*o - 5*o**2 - o. Suppose -p = -3*p - 12. What is the units digit of q(p)?
0
Let s be ((-3)/2)/(12/(-208)). Let r(j) = -3*j**3 + j + 1. Let k be r(-1). Suppose -k*u = -5*b + 31, -4*b + s = -4*u - 2. What is the units digit of b?
5
Let j(k) = -2*k - 8. Let b be j(-6). Suppose -b*i - 12 = -o + 2*o, -2*o + 12 = -i. Suppose o*c - 27 = -n, 0*n - 32 = -n - 5*c. What is the units digit of n?
7
Let f(b) = b**2 + 2*b - 1. Let v be f(-2). Let q = 7 - v. What is the units digit of q?
8
Suppose -3*f + 0*f = 0. Let t = 2 - f. Suppose x + 5 = t*x. What is the units digit of x?
5
Let x be (-2)/(-4) + 10/4. What is the units digit of (0 - x) + 1 + 14?
2
Suppose -s + 7 = -4*r, -5*s = 2*r + 3*r - 60. What is the units digit of s?
1
Let z(p) = p**2 - 8*p + 5. What is the units digit of z(11)?
8
Let v = 7 - 6. Let i be 1 - (0 + -1) - v. What is the units digit of (7 + i)/(-1 - -2)?
8
Suppose -j + 20 = -15. What is the units digit of j?
5
Let q(b) = 4*b**3 + 2*b**2 - 5 + 4*b - 3*b**3 - 5*b + 5*b**2. What is the units digit of q(-7)?
2
Suppose 140 = 5*t - 2*h, -36 = -t - h + 3*h. Suppose 2*i + t = 7*i + 2*n, 4*i - 2*n = 28. What is the units digit of i?
6
Let j = -1 + -8. Let d be (1/(-1 + 4))/((-1)/(-33)). Let l = d + j. What is the units digit of l?
2
Suppose -2*p - 4*c + 47 = -181, c - 477 = -4*p. What is the units digit of p?
0
Let l = -9 - -14. Suppose 2*z - 32 = -o, l*o - 2*z - 262 = -78. What is the units digit of o?
6
What is the units digit of -4*(-4)/(-24)*-4*3?
8
Suppose -3*r + 257 = -301. What is the hundreds digit of r?
1
Let h = 117 - 67. Let k = -3 - -7. Suppose -k*w + h = w - 5*g, 2*g - 24 = -2*w. What is the units digit of w?
1
Let u = -15 - -23. Suppose -3*f + u = -5*f. What is the units digit of ((-30)/(-25))/(f/(-10))?
3
Let z = 12 + -11. Suppose 0 = 5*p, 25 = 2*w + 3*p - z. What is the units digit of w?
3
What is the units digit of ((-20)/28)/(-1) - 6/(-21)?
1
Let o(v) = -2*v**2 - 21*v + 11. Let c be o(-10). What is the tens digit of (-66)/(-4)*56/c?
4
Let o(u) = u**2 - u + 6. Let w be o(0). Suppose -2*h + 5 + 1 = 0. Suppose 0 = -h*t + w + 3. What is the units digit of t?
3
Let z = -4 + 4. Suppose -3*m - 27 - 12 = -3*c, -4*c - 5*m + 52 = z. What is the units digit of c?
3
Let r(o) = -3*o**3. Let k be r(-1). Let p(c) = 2*c + 4. What is the tens digit of p(k)?
1
Let t = 13 + 1. What is the units digit of t?
4
Suppose -o + 3*o + u + 8 = 0, -4*o + u = 28. What is the units digit of (-55 + 6)*o/7?
2
Let s(a) = -a**3 + 7*a**2 - 6*a + 3. Let w be s(6). Suppose 6*v - 75 = w*v. What is the units digit of v?
5
Let c = -236 + 457. What is the units digit of c?
1
Let h(i) = 2*i**2 + 4*i + 2. Let r be h(-2). What is the units digit of r/(-6) - 43/(-3)?
4
Let y = 10 + 7. Suppose 8 = -c + y. What is the units digit of c?
9
Suppose 4*t = t + 15. Suppose 0 = -t*f - 0*z + z + 144, 5*z = -f + 8. Suppose -17 = -3*r + f. What is the units digit of r?
5
Suppose 4*j + 10 = 14. What is the units digit of j?
1
Let g = -27 + 51. What is the units digit of (112/g)/(2/3)?
7
Suppose f - 2*d + 0*d = 74, -4*f + 284 = -4*d. What is the tens digit of f?
6
Let d(a) = -2*a**2 - a. Let p(o) = -3*o**2 - 7*o - 3. Let g(c) = d(c) - p(c). Let l(s) = 3*s. Let x be l(-2). What is the units digit of g(x)?
3
Let o = 4 - 7. Let v(q) = q**3 + 3*q**2 - 2*q - 1. Let w be v(o). Suppose 0 = -w*k + 60 - 15. What is the units digit of k?
9
Let h(r) = -r**2 + r + 115. What is the hundreds digit of h(0)?
1
Suppose 0 = 2*j - 6*j. Suppose 4*a - 2*l - 20 = j, -4*a - 3*l = -0*l. Suppose -a + 6 = 3*u. What is the units digit of u?
1
Suppose -6 = 3*p + 2*x, 2*p - 4*p + 3*x - 17 = 0. Let k be (1/p)/(3/(-12)). What is the units digit of (-37)/(-4) + k/(-4)?
9
Let d = 1 - 0. Let y = d - -1. Suppose 4*k = -4*g + 3 + 5, y*g - 8 = -3*k. What is the units digit of k?
4
Suppose 2*r - r = -36. Let m = 88 + r. What is the tens digit of m?
5
Suppose 4*c = 4*k - 92, 5*c - c - 13 = -k. What is the units digit of k?
1
Suppose 0 = 4*u - 79 - 33. What is the tens digit of u?
2
Let r(j) = -j**2 - 5*j + 3. Let x be r(-5). Suppose 0 = -2*m - x + 25. What is the tens digit of m?
1
What is the units digit of 63 + (0 - 3) + 1?
1
Suppose -3*r = r. Let h = -8 - -14. Suppose h*s - s - 45 = r. What is the units digit of s?
9
Suppose -3*x - x + 12 = 0, 5*x + 39 = 2*y. What is the tens digit of y?
2
Let v = -10 - -13. Suppose -v*q + g = -2*g, 4*g - 24 = -2*q. Suppose 2*z + y + 3*y = q, 3*y + 62 = 5*z. What is the tens digit of z?
1
Let z = -31 + 62. Suppose 49 + z = 2*v. What is the tens digit of v?
4
Let c be (-3)/(-12)*2*162. Suppose 3*b = c - 12. Let l = b - 15. What is the units digit of l?
8
Suppose 9 - 1 = -4*n. Let h = 0 - n. Let b = h + 1. What is the units digit of b?
3
Let g(s) = -4*s**3 + s**2. Let c be g(1). Let f(m) = -6*m - 2. Let d be f(c). Suppose 28 + d = 2*h. What is the units digit of h?
2
Let f = 82 + 137. What is the hundreds digit of f?
2
Suppose 2*v = v + 3*d + 25, 2*v - 39 = -5*d. What is the tens digit of v?
2
Let p(t) = -2*t**3 + 1. Suppose -c - 23 = 2*c - 4*i, 2 = 3*c + i. Let b be p(c). Suppose -5*f + b*o + 25 = -85, 3*f - o = 66. What is the tens digit of f?
2
What is the units digit of (-8)/((-24)/45) - 4?
1
Let x(o) = o**3 - 9*o**2 + 10*o - 12. Let z be (0 - 4)/((-3)/6). What is the units digit of x(z)?
4
Suppose -3*t + 9 = -2*t. What is the units digit of t?
9
Let y = 2 - -5. Let w(d) = d - 10. Let i be w(y). What is the units digit of 8*2 - (-6 - i)?
9
Suppose -2*b - y + 20 = -0*y, -2*y = -5*b + 59. Suppose 18 = -2*m - 4*j, -b = m + 2*m + 2*j. What is the units digit of 1 - m/(1/6)?
7
Let i(h) = 25*h + 1. What is the units digit of i(2)?
1
Let g = -11 - -11. Suppose 0*i + 2*i - 60 = g. What is the units digit of i?
0
Suppose 4*r + 4 = 104. What is the units dig